{"id":132,"date":"2014-06-03T07:04:34","date_gmt":"2014-06-03T07:04:34","guid":{"rendered":"http:\/\/liebesatelier.wordpress.com\/?page_id=47"},"modified":"2015-03-19T12:55:59","modified_gmt":"2015-03-19T12:55:59","slug":"liebes-atelier","status":"publish","type":"page","link":"https:\/\/www.liebedesign.de\/?page_id=132","title":{"rendered":"Liebes Atelier"},"content":{"rendered":"<p>Einige Jahre zuvor, hatte ich eine Idee, die 2005 Wirklichkeit wurde:<\/p>\n<p><strong>Liebes Atelier<\/strong><\/p>\n<p>Seitdem habe ich dieses kleine Atelier und gebe immer wieder, je nachdem wie es meine Zeit zul\u00e4\u00dft, Kreativ-Kurse.<\/p>\n<p>Vor unserem Umzug mietete ich in unserem Haus R\u00e4umlichkeiten, die gro\u00df genug waren, um Kurse f\u00fcr kleine und grosse Menschen zu geben. Dann 2010 sind wir umgezogen und meine R\u00e4umlichkeiten haben sich etwas verkleinert und einige Sachen lassen sich derzeit nicht ganz so gut ausleben, wie vorher, mit den gr\u00f6\u00dferen R\u00e4umlichkeiten.<\/p>\n<p>Trotzdem versuche ich die Kurse weiterzuf\u00fchren, wenn auch in kleinerer Form. Es bringt mir sehr viel Spa\u00df mit meinen Kursteilnehmern kreativ t\u00e4tig zu werden. Erfreulich ist es auch, wenn gerade Kinder, die von sich sagen, sie seien nicht kreativ und k\u00f6nnen nichts, genu\u00dfvoll eintauchen. Ihre strahlenden Augen und ihren Stolz auf sich, das ist eine Wonne.<\/p>\n<p>Meine T\u00e4tigkeiten als freiberufliche Graphikerin, Illustratorin und Mutter lassen mir nicht soviel zeitlichen Spielraum, dass ich unter der Woche Kurse anbieten kann. Auch die mangelnde Freizeit von den Schulkindern sorgt leider daf\u00fcr, dass ich keine Kreativ-Kurse unter der Woche anbiete, denn sehr oft sind die Kinder schon &#8222;ausgebucht&#8220; mit Schularbeiten und anderen Hobbies.<\/p>\n<p>Trotzdem versuche ich mein Bestes und bitte Euch, immer mal wieder nachzufragen, auf den Seiten zu st\u00f6bern, ob nicht der eine oder andere Kurs zustande kommt. Lasst Euch auch bitte nicht entmutigen, wenn ich mich nicht sofort zur\u00fcck melde, denn manchmal hat es ganz profane Gr\u00fcnde, warum es mit meiner Antwort dauert oder vielleicht gar nicht zustande kommt.<\/p>\n<p>Auch komme ich gerne zu Euch, sei es nun in die Kindereinrichtung oder nach Hause, z.B. f\u00fcr einen Geburtstag oder f\u00fcr eine Kreativrunde im Kindergarten.<\/p>\n<p>Ihr seht, das Liebes Atelier atmet &#8211; und ich freue mich, Euch immer mal wieder das Leben aus dem Atelier zeigen zu d\u00fcrfen.<\/p>\n<p>Bis bald und vielleicht mal in meinem Atelier oder bei Euch \u2013 aber nun viel Spa\u00df beim St\u00f6bern im Liebes Atelier!<\/p>\n<p>Eure Sara<\/p>\n<p>&nbsp;<\/p>\n","protected":false},"excerpt":{"rendered":"<p>Einige Jahre zuvor, hatte ich eine Idee, die 2005 Wirklichkeit wurde: Liebes Atelier Seitdem habe ich dieses kleine Atelier und gebe immer wieder, je nachdem wie es meine Zeit zul\u00e4\u00dft, Kreativ-Kurse. Vor unserem Umzug mietete ich in unserem Haus R\u00e4umlichkeiten, &hellip; <a href=\"https:\/\/www.liebedesign.de\/?page_id=132\">Weiterlesen <span class=\"meta-nav\">&rarr;<\/span><\/a><\/p>\n","protected":false},"author":2,"featured_media":0,"parent":0,"menu_order":0,"comment_status":"open","ping_status":"open","template":"","meta":{"advanced_seo_description":"","jetpack_seo_html_title":"","jetpack_seo_noindex":false,"jetpack_post_was_ever_published":false,"footnotes":""},"class_list":["post-132","page","type-page","status-publish","hentry"],"jetpack_shortlink":"https:\/\/wp.me\/P5EgJb-28","jetpack_sharing_enabled":true,"jetpack-related-posts":[],"_links":{"self":[{"href":"https:\/\/www.liebedesign.de\/index.php?rest_route=\/wp\/v2\/pages\/132","targetHints":{"allow":["GET"]}}],"collection":[{"href":"https:\/\/www.liebedesign.de\/index.php?rest_route=\/wp\/v2\/pages"}],"about":[{"href":"https:\/\/www.liebedesign.de\/index.php?rest_route=\/wp\/v2\/types\/page"}],"author":[{"embeddable":true,"href":"https:\/\/www.liebedesign.de\/index.php?rest_route=\/wp\/v2\/users\/2"}],"replies":[{"embeddable":true,"href":"https:\/\/www.liebedesign.de\/index.php?rest_route=%2Fwp%2Fv2%2Fcomments&post=132"}],"version-history":[{"count":4,"href":"https:\/\/www.liebedesign.de\/index.php?rest_route=\/wp\/v2\/pages\/132\/revisions"}],"predecessor-version":[{"id":858,"href":"https:\/\/www.liebedesign.de\/index.php?rest_route=\/wp\/v2\/pages\/132\/revisions\/858"}],"wp:attachment":[{"href":"https:\/\/www.liebedesign.de\/index.php?rest_route=%2Fwp%2Fv2%2Fmedia&parent=132"}],"curies":[{"name":"wp","href":"https:\/\/api.w.org\/{rel}","templated":true}]}}